e 0 = 3*i + 5*g + 301, -2*g + 0*g = 5*i + 470. Suppose -3*c + 3*y = -6720, 6723 = -383*c + 386*c - 2*y. Let m = c - i. Is m a composite number?
True
Suppose -v = -4*k - 262303, 7*k = -4*v + 3*k + 1049292. Is v a prime number?
False
Let l(n) = 10*n**3 - 11*n**2 - 22*n - 35. Let z be l(-6). Let q = z + 4378. Is q prime?
False
Let j(q) = 16734*q**3 - 2*q + 2. Let v be j(1). Suppose -155*y + v = -152*y. Is y composite?
True
Suppose 3*o = f + 98, -o + 4*f - 3*f = -34. Let p(c) = c**3 - 34*c**2 + 75*c - 57. Is p(o) composite?
True
Let i be (295/15)/(2/(-6)). Let z = -59 - i. Suppose 5*w + 4*a = 2061, 0 = -z*a + 4*a - 16. Is w a prime number?
True
Suppose w = 5*t + 23723, -w - 5*t + 7986 = -15697. Is w a prime number?
False
Let t(c) = 178*c**2 - 9*c + 21. Let u be -15 + 25 - (6 - 1). Is t(u) a prime number?
False
Let h(p) = -p**3 - 9*p**2 - 17*p - 15. Let t be h(-7). Is (-4)/t + (-4)/(48/(-3020)) a prime number?
True
Is (755019/(-126))/(2/(-28)) prime?
True
Let f(c) = 396*c**3 - 9*c**2 + 16*c + 5. Let u be f(5). Suppose l - q = u, 152965 = 4*l - q - 44484. Is l prime?
True
Suppose 5*j = -4*w - 46, -w - 4*w = -j - 15. Is (363412/j)/7*(-5)/2 a composite number?
False
Let f(p) = 515*p**2. Suppose 5*r - 3*t = -5*t + 11, -t + 6 = 3*r. Let u be f(r). Let c = 626 + u. Is c a prime number?
False
Suppose 3*t - 8 = 4. Let c = -868 + 875. Suppose t*l = c*l - 345. Is l a prime number?
False
Suppose -6*h + 1794121 = 9*a - 4*a, -2*h - 1076495 = -3*a. Is a prime?
True
Suppose 74*h = -7158701 + 6695599 + 40301520. Is h a prime number?
True
Let z = 130046 - 63403. Is z composite?
False
Suppose -14 = 2*w + 4*h, -h = 1 + 4. Suppose -t = -2*u + 770, 4*t + w*u + 3050 = u. Let s = t + 1273. Is s a composite number?
False
Suppose 33*j + 2699104 = -j + 8163482. Is j prime?
False
Suppose -1827 - 467 = -37*o. Let g = o - -101. Is g a composite number?
False
Let w(l) = 229*l + 805. Is w(18) a composite number?
True
Suppose -4*n + 29 = 5*w, 5*w + 73 = 3*n + 25. Let q(o) = n + 5*o - 6*o**2 - 364*o**3 + 2*o + 365*o**3. Is q(12) prime?
False
Let f(v) = 6*v**2 + 4*v. Let s be f(8). Suppose 126 = 2*g - s. Let a = 458 - g. Is a prime?
False
Suppose -45*g = -1494544 - 1862797 + 298556. Is g prime?
False
Let q be ((-28)/(-7))/(2*(-3)/12). Let l(y) = -1139*y - 39. Is l(q) a composite number?
True
Is (-205 - -45553)*2/8 a prime number?
False
Let k(u) = 83872*u - 4573. Is k(8) composite?
False
Let j be (204/24 + 4)/(1/4). Suppose 51*t - 5251 = j*t. Is t a composite number?
True
Let j(i) = -4*i - 7 - 17*i**2 + 14*i**2 + 7*i**2 + 13*i**2. Is j(-6) a composite number?
True
Let y be 4*(4 - (-117)/(-12)). Let f(b) = -b**3 - 24*b**2 - 22*b + 25. Let k be f(y). Suppose -2130 = -c - 0*c - 5*u, -k*u = 10. Is c prime?
False
Let z = -6686763 + 10353836. Is z a composite number?
False
Let m = 23544 - 13564. Is m/25*(-2 + (-45)/(-10)) a prime number?
False
Suppose -357*t - j + 654667 = -356*t, 0 = 3*t + j - 1964009. Is t a prime number?
True
Suppose 601653 + 642243 + 1113453 = 57*u. Is u prime?
True
Suppose 0 = -5*f + 115 + 170. Suppose 0 = 60*h - f*h - 1056. Suppose -4*c = -h - 28. Is c a composite number?
True
Let r = -3228 - -20039. Is r a composite number?
False
Suppose 33*q = 7294701 - 1301470 + 603766. Is q a prime number?
True
Suppose -v - 1371 = -5*b, 846 = 3*b + v + 33. Let h = -511 + 776. Let c = b + h. Is c a prime number?
False
Suppose 802656 = 38*w - 433709 - 17217. Is w a prime number?
False
Is -4098*(-10645)/(-60)*-2 prime?
False
Let q be 75/15 - (4 + 0). Is (-17422)/(q/(8/(-16))) composite?
True
Let n(f) = 7282*f**3 - 2*f**2 - 18*f + 21. Is n(1) composite?
False
Let k = 87267 - 127056. Is k/(-63) + 0 + 8/(-14) a composite number?
False
Let a(j) = 4*j**2 - 31*j - 15. Let w be a(8). Let p(h) = -769*h - 36. Is p(w) prime?
True
Suppose -2*k - 44*h + 32822 = -39*h, -4*k - 2*h + 65644 = 0. Is k prime?
True
Suppose 3*y + 2*y = 0, p - y + 57 = 0. Let u = p - -756. Suppose 2*c + u - 3497 = 0. Is c a prime number?
True
Suppose -8*d - 3 = -27. Suppose d*v = 30 - 3. Let q(s) = s**3 - 2*s**2 + 13*s + 1. Is q(v) a composite number?
True
Suppose 12 = i + i + b, -4*b + 4 = -3*i. Let r(c) = 25*c**3 - i - 5*c**2 - 8*c - 3 + 12. Is r(5) composite?
True
Is ((-1)/(-8))/(35/7122920) a prime number?
True
Let c be (1 + -3)*2/1 + 190. Let n = c - 29. Is n a composite number?
False
Suppose -5*p - 20 = 0, 0 = 3*v - 4*p - 0*p - 32641. Suppose 5*o = 4*f - 36437, -2*o - v = 5*f - 56380. Is f a prime number?
True
Suppose -22*a + 103655 = -152799. Is a composite?
False
Let q = -4357 - -35456. Is q a prime number?
False
Suppose -2*w + 6 = 9*p - 4*p, 3*p = -2*w + 6. Let z(g) = p*g - 2*g + 7 + 24. Is z(-19) a prime number?
False
Suppose -b + 3*z + 22 + 14 = 0, -4*b - 3*z = -174. Let h = b - 40. Suppose -h*g + 5*y = -407, 2*g - g + y = 186. Is g composite?
False
Let h be 10 - (8/12)/((-1)/(-3)). Let a(u) = -8*u**3 - 8*u + 27 - 2*u**3 + 8*u**3 - 6*u**2 - h*u**2. Is a(-13) prime?
False
Let s(x) = 411*x + 8. Let n be s(7). Let b = n + -274. Is b composite?
True
Suppose 172791 = 3*p - 16*u + 14*u, -p + 57611 = 4*u. Is p a prime number?
False
Let d be ((-6)/21)/((-1)/7). Let f be ((-1)/d)/(20/(-32))*5. Suppose -f*h - 3*n = -1939, 4*n = h - 4*h + 1463. Is h composite?
True
Let c = -36 + 36. Suppose c = -o + 4*o - 27. Is 29/((4 - o)/(-55)) composite?
True
Let m be ((-90)/(-4))/9*4/(-5). Let h(b) = 6977*b**2 - 5*b - 8. Let k be h(m). Suppose -5*a + 2*n + k = -3*n, n + 22319 = 4*a. Is a composite?
True
Let v(y) = -4*y - 8. Let g(r) = r - 1. Let t(x) = -6*g(x) + v(x). Let h be t(-3). Let m = 35 - h. Is m a composite number?
False
Suppose s - 87915 = -4*y, 139714 = -3*s + 4*y + 403443. Is s composite?
False
Let p = 361 - 361. Suppose -4*c + 3025 = 2*t - 301, 5*t - 4*c - 8273 = p. Is t prime?
True
Let o be (-2)/9 + (-2827680)/(-108). Suppose -5*y + 26198 = 4*h, 4*h + 3*y = 6*y + o. Is h composite?
False
Let u = -153902 - -497835. Is u a composite number?
False
Let n = 439 + -220. Let u = n + -9. Let x = -131 + u. Is x a composite number?
False
Let t(m) = -m**2 + 54 - 9*m - 22 - 28. Let l be t(-10). Is 2/(-6)*l*73 a prime number?
False
Let c(k) = -k**3 + 22*k**2 + 12*k + 32. Let i be c(20). Let l = i - -3207. Is l a prime number?
False
Suppose 13*q - 414962 = 626117. Is q prime?
False
Let k(j) = -j**3 - 26*j**2 + 4*j + 104. Let g be k(-26). Suppose g = -74*a + 61*a + 66911. Is a composite?
False
Suppose -3*p = -3 - 21. Let i be (-6)/p*(-224)/42. Is (-2)/((8/(-469))/i) a composite number?
True
Suppose 17*o - 4104 = 108521. Suppose -3*v = -4*n - 4975, 4*v - o = -7*n + 4*n. Is v a composite number?
False
Let f(c) = c**3 - 4*c**2 - 12*c + 5. Let u be f(6). Suppose -u*m + 0 = 10, 0 = -l + m + 333. Is l prime?
True
Let r be 6 + 5 - (0 + 2)/(-1). Suppose 2*t + 3*o = -r, 3*t + 4*o + 16 = -3. Is 111 - (4 + 30/t) prime?
True
Let v be (2 - (124 + -3))*(1 - 2). Let c = v + -60. Suppose 6*a + c - 533 = 0. Is a prime?
True
Suppose 71*b - 207*b + 58965656 = 0. Is b a composite number?
False
Suppose -3*m - 9 + 15 = 0. Suppose -2*u + m*k = -4*u + 55194, 2*u + 4*k - 55186 = 0. Is u prime?
False
Suppose -5*j + 10781 - 39692 = -2*u, 3*j - 72200 = -5*u. Suppose 0 = -140*t + 151*t - u. Is t composite?
True
Let k(w) = -w**2 - 120*w + 4088. Is k(-111) prime?
True
Suppose 6*i = -8*i + 28. Suppose -4 = -3*j - i*k + 3*k, -3*k = -6. Suppose 3*h - 10311 = -3*w, 2*w - 13748 = -j*w + 2*h. Is w composite?
True
Let p = -4 + 1. Let c(a) = 107*a**2 + 3*a + 1. Let d be c(p). Suppose 18*g + d = 23*g. Is g prime?
True
Let s = -470928 - -675947. Is s prime?
True
Let c(j) = -2*j**3 + 4*j**2 + 10*j - 106. Let n be c(-13). Let m be (-9)/(-3) - 1*2676. Let g = m + n. Is g composite?
False
Suppose -3*o - 2*o + 6991 = 3*q, 3*o + 2307 = q. Let t = 3113 + q. Suppose 10*c - 15*c + t = 0. Is c a prime number?
True
Let h = 117737 + -64968. Is h a prime number?
True
Is ((-2)/(-5) + 40529996/1560)/((-4)/(-24)) a composite number?
False
Is (259784 + (-1 - 5) + -4)*2/4 prime?
True
Let u(o) = -2*o - 7*o**2 + 18*o**2 - 9*o**2 - 98*o**3 + 1. Let r(n) = n**3 - 3*n**2 + 3*n - 4. Let z be r(2). Is u(z) composite?
False
Suppose -2*q + 5*i + 103164 = 0, 3*q + 38232 = -3*i + 193020. Is (7/14)/(4/q) composite?
False
Let f(r) = -r**3 + 8*r**2 - 9*r - 5. Let v be f(2). Let y(h) = 11040*h + 7. 